6 + 9*c**2/2 + 15*c. What is the units digit of p(-6)?
3
Suppose 3*j - 3261 = -4*l + 7*l, -4*j + 2*l + 4352 = 0. What is the units digit of j?
9
Let s(w) = -95*w**3 + 3*w**2 + 2*w + 3. Let n be s(-2). Let m = n - 520. Suppose -5*q = -t - m, -q + 220 = 3*q + 4*t. What is the units digit of q?
1
Let q(n) = n**3 - 12*n**2 - 20*n - 13. Let j be q(14). Let u be (2/(-3))/((-3)/j). Suppose -3*p = -i - 104, p - 2*i - 21 = u. What is the units digit of p?
3
Let i = 561 - -606. What is the tens digit of ((-1)/(-4))/(-1) - i/(-12)?
9
Suppose 4*i + 2*v = 74, -3*v - 26 = -i + 3. Let q be i/15*(-66)/4. Let u = q - -37. What is the units digit of u?
5
Suppose 5*o + 27 = 797. Suppose -98*g - o = -99*g. What is the tens digit of g?
5
What is the tens digit of ((-6)/(-12))/((-1)/(-146))?
7
Let i(q) = 333*q**3 - q**2 + 9*q - 18. What is the hundreds digit of i(2)?
6
Let b = -81 + 20. Let z = b - -66. What is the units digit of z?
5
Let g = 120 - 202. Let l = -13 - g. What is the units digit of l?
9
Let l(g) = g**3 - 15*g**2 + g + 11. Let x(r) = r - 1. Let s(c) = 3*c**2 + 5*c - 5. Let o(v) = s(v) - 2*x(v). Let k be o(2). What is the tens digit of l(k)?
2
Suppose 3*u - 5*u - 4 = 0, -5*m + 4*u = -2258. Suppose -11*i + 5*i = -m. What is the units digit of i?
5
Suppose 6 + 3 = 3*h. Suppose -5*c + 665 = 3*r, -h*c + 0 + 219 = r. What is the tens digit of r?
2
Let t(h) = h**3 + 3*h**2 - h - 2. Let a = -14 + 19. Suppose -10*u - 15 = -a*u. What is the units digit of t(u)?
1
Let f(h) = h**2 - 4*h - 1. Let l be f(5). Suppose o = -a, 2*a + a + l = -o. Suppose -o*x = s - 30, x - 4*x = -4*s + 109. What is the tens digit of s?
2
Let r be (6/(-4))/(18/312). Let a be 6/39 - (-4)/r. Let y(d) = d + 29. What is the units digit of y(a)?
9
Let y(k) = -4*k - 5. Suppose -n - q = -3*n + 11, 0 = 4*n + 3*q - 17. Suppose -5*l = -n*a + 25, 5*a - 1 + 4 = -2*l. What is the tens digit of y(l)?
1
Let t = 20 - 15. Suppose z + m - 25 = 0, 0*z + m = t*z - 119. What is the tens digit of z?
2
Let a(f) = 2*f**3 - 22*f**2 + 10*f - 25. What is the units digit of a(11)?
5
Suppose 0*b - x = 3*b - 49, 5*x + 115 = 5*b. Suppose m + 2*m = -b. Let c(z) = -z**3 - 5*z**2 + 3*z - 7. What is the tens digit of c(m)?
1
Suppose 0 = -2*s + 4*s + 12. Let g = 23 - 22. Let n = g - s. What is the units digit of n?
7
Let a = 12 + -6. Let y(u) = -7*u**2 + 5*u - 19. Let q(h) = -h**2 - 1. Let o(l) = 6*q(l) - y(l). What is the units digit of o(a)?
9
Suppose 458 - 2 = -8*z. Let a = z + 226. What is the units digit of a?
9
Suppose -34*y - 9969 = -103129. What is the thousands digit of y?
2
Let j be 9 + 2/(-3)*-3. What is the units digit of (-482)/(-11) - (-2)/j?
4
Suppose 3*y - o = 2566, y + 4276 = 6*y - o. What is the tens digit of y?
5
Suppose 3*d + 267 = 5*p, 4*d - 111 = -2*p + d. What is the units digit of p?
4
Let v(b) = b**2 + 8*b - 5. Let w be v(-9). Suppose 5*d - 327 = 4*l, -4*d - l - w*l = -237. Let n = 5 + d. What is the tens digit of n?
6
Suppose -6*y = -11*y - 10. Let n be 9/(3 + y - 0). Suppose 5*a = -4*d + 36, 2*a - 37 = -5*d - n. What is the units digit of d?
4
Suppose 9*o + 1 = 64. Suppose 5*p = -2*g + o, -10 = g - p - p. What is the units digit of 662/15 + g/30?
4
Suppose 0 = -36*q + 31*q + 29665. What is the tens digit of q?
3
Suppose -3*s + n = 6*n - 2198, -4*s + 2949 = 3*n. What is the hundreds digit of s?
7
Let k be (0/5 + -1)/1. Let c be ((-12)/(-3))/k - -8. What is the tens digit of 0 + -3 + c + 24?
2
Suppose 1 = -o - 4, -47 = 3*p + o. Let k be (-58)/7 - 4/p. Let w = 38 + k. What is the units digit of w?
0
Suppose -8*o = 8*o + 144. Let y(z) = 3*z**2 + 14*z + 15. What is the hundreds digit of y(o)?
1
Suppose -3*q = q - 12. Suppose q*i + 16 - 4 = 0. What is the tens digit of 256/26 + i/(-26)?
1
What is the hundreds digit of -2*((-6)/(-2) - (-3955)/(-14))?
5
Suppose -c + 5*p + 5 + 15 = 0, c = -3*p - 4. Suppose 4*j + c = 129. What is the units digit of j?
1
Let p(g) = -g**3 - 6*g**2 - 4*g + 47. Let h(b) = 2*b**3 + 11*b**2 + 7*b - 94. Let k(s) = -4*h(s) - 7*p(s). What is the units digit of k(0)?
7
Let t be (-8)/12*1*-36. Let d = t - -134. What is the units digit of d?
8
Suppose -5*g = -5*p + 20 - 5, -p = 3*g - 15. Suppose -7*o + p*o = -5. Suppose o = 2*d + 1. What is the units digit of d?
2
Suppose 146 = -5*g - 289. Let l be 1 + g*8/(-12). Suppose -l = -4*r + 5. What is the units digit of r?
6
Let u(s) = 4*s + 3. Let o(j) = 9*j + 7. Let k(h) = 6*o(h) - 15*u(h). Let b be k(-1). Suppose -y = -4*m + 5, 4*y = 4*m + 1 + b. What is the units digit of y?
3
Let i be 1/((-3)/(-14)*(-16)/(-24)). Let l = i - -130. What is the units digit of l?
7
Suppose 0*o - 112 = 2*o. Suppose 24 = -5*d + d. What is the units digit of 3/(-9) + o/d?
9
Let g = 15 + -28. Let p = g - -36. What is the tens digit of p?
2
Suppose 3*s - 15 = 4*q, 2*s - 4*s = -q - 10. Suppose q = 2*i + 4*j - 86, -4*i - 5*j + 49 = -3*i. What is the tens digit of i?
3
Let y(n) = 6*n**2. Let w be y(-1). Suppose 18 = -0*j + j - 4*f, 3*f = -3*j - w. Suppose m = r - 3*m - 26, 5*m + 46 = j*r. What is the tens digit of r?
1
Let o(d) = d**2 - 15*d + 27. Let b(i) = i**2 + 2*i - 10. Let r be b(-6). Let q be o(r). Suppose 3*j = 176 + q. What is the tens digit of j?
6
Suppose 0 = 5*d - 2*l + 7*l + 85, 4*d = l - 68. Let y = 27 + d. What is the tens digit of y?
1
Suppose -5*t - x + 1473 = -2*t, -477 = -t - 5*x. What is the hundreds digit of t?
4
Let g = -616 - -946. What is the tens digit of g?
3
Suppose 2*b = 17 - 21. What is the tens digit of 1841/21 + b/3?
8
Suppose -w - 2 = 0, i + 6*w + 5 = w. Suppose 100 = 4*y + 3*h, -4*y + i*h = -0*y - 68. What is the units digit of y?
2
Suppose 8919 = 6*v + 2103. What is the units digit of v?
6
Let d = 1801 + -795. What is the thousands digit of d?
1
Let f = 78 - 64. Suppose -18*h + 12 = -f*h. What is the units digit of h?
3
Let w be (-1529)/3*-1 - (-9)/27. Suppose 5*z + 1220 = 5*q, 2*q - z + 20 = w. What is the tens digit of q?
4
Suppose -s = 2*s + 39. Let y = s - -11. Let k(t) = t**2 + 2*t + 1. What is the units digit of k(y)?
1
Suppose n = -5*v + 1921, 57*v - 15 = 52*v. What is the thousands digit of n?
1
Suppose 5*i = i. Suppose i = 20*s - 18*s - 66. What is the tens digit of s?
3
Let u be (6 + -4 + -1)*1. What is the tens digit of 608/8 - (3 + u)?
7
Let c(k) = 6*k**3. Let n be c(-1). What is the units digit of -1*2 - (-103 - (-4 - n))?
3
Let m = 8793 - 4151. What is the thousands digit of m?
4
Let h be (1 + 4 - 11)/(6/(-4)). Suppose -5 - 1 = 3*d, h*j - 102 = 3*d. What is the tens digit of j?
2
Let k(t) = -5*t**2 + 4*t**2 - 230 + 24*t + 248. What is the units digit of k(21)?
1
Suppose 0 = 120*l - 119*l - 447. What is the hundreds digit of l?
4
Let v be 5541/15 - 8/20. Let x = -163 + v. What is the tens digit of x?
0
Let k = -26 - -56. Suppose -26 = -h - x, -4*h + 3*x = -3*h - k. What is the units digit of h?
7
Suppose -11*z = -35*z + 4392. What is the tens digit of z?
8
Suppose 35*x - 34*x - 3467 = -4*d, -x = -4*d + 3469. What is the hundreds digit of d?
8
What is the hundreds digit of (-5 - (-821 - -4) - -3)/1?
8
Let d(a) = -8*a + 0 - 28 - 27. What is the tens digit of d(-17)?
8
Let c(w) = 4*w + 12. Let f be c(-9). Let s be (-34)/(-4)*f/6. Let y = s - -58. What is the units digit of y?
4
Let a = -1081 - -2481. What is the units digit of (18/12)/(5/(a/6))?
0
Suppose 7*z - 2*z = -3*j + 22, 5*j - 22 = -z. Suppose 0 = 5*n - 4*a - 0 - 12, -j*a = -n - 4. What is the units digit of n/(-26) - 1264/(-104)?
2
Let d(j) = -98*j + 43. What is the tens digit of d(-6)?
3
Suppose 0 = 5*t + 5, 51 = -5*o + 3*t + t. Let x(l) = l + 13. What is the units digit of x(o)?
2
Suppose 4*a = 3*y - 2 + 20, 5*a = 4*y + 23. Let z = -370 + 611. Suppose -5*o - 139 = -0*m - a*m, -o + z = 5*m. What is the tens digit of m?
4
Let l(y) = -28*y - 127. What is the tens digit of l(-21)?
6
Let u be 1*5/(-5)*-2. Suppose q - 500 = -4*d, 0 = -3*d - q + u*q + 368. What is the units digit of d?
4
Suppose 3584 = 2*k + 2*v, 11*k - 4*v + 3576 = 13*k. What is the thousands digit of k?
1
Let z(o) = 2*o**2 + 36*o - 31. What is the units digit of z(12)?
9
Suppose 5*l + 6 = 31, 10 = 5*b - 3*l. Let q = 0 + b. Suppose q*c = 307 - 72. What is the units digit of c?
7
Let t(x) = -x**3 + 12*x**2 + x - 14. Let a be t(11). Suppose 4*h - 3*b + 34 = 244, a = 2*h + 5*b. What is the units digi